 59
Let i be (-4 + 3)*1/(-1). Suppose -i + 149 = -4*x. Let b = x - -55. List the prime factors of b.
2, 3
Let v = 1707 + -676. What are the prime factors of v?
1031
Suppose -g + 4*v + 586 = 0, 1702 = 3*g - 42*v + 44*v. List the prime factors of g.
2, 3, 5, 19
Let k(c) = 7*c**3 + 1. Let t be k(-1). Let o(v) = -v**2 - 5*v + 8. Let l be o(t). Suppose -l*z = -83 + 25. What are the prime factors of z?
29
Suppose -3*t = 2*d - 1743, 4*t - 899 = -d + 8*t. List the prime factors of d.
3, 293
Let k be 2 - ((-35 - -1) + -3). Let w be 6/k - 362/(-13). Suppose 3*t + w - 88 = 0. List the prime factors of t.
2, 5
Let a(p) = 151*p**2 - 4*p + 65. What are the prime factors of a(-5)?
2, 5, 193
Let u = -83 - -80. Suppose 3*o = 7*o - 96. Let j = o - u. What are the prime factors of j?
3
Let w = 5 - 24. Let d be w/(-7) + 4/14. Suppose -5*y = -2*u + 12 + d, 11 = 3*u + 4*y. What are the prime factors of u?
5
Let u(z) = -z**2 + 19*z - 16. Let a be u(9). Suppose 5*t = 284 - a. What are the prime factors of t?
2, 3, 7
Suppose 2*b - 471 = 3*k + 1780, 2*k + 6 = 0. What are the prime factors of b?
19, 59
Let r(n) = 2*n + 43. Let v be r(-20). Suppose -h = -9 + v. What are the prime factors of h?
2, 3
What are the prime factors of -1 + ((-83)/(-5) - (-15)/(-25))?
3, 5
Suppose -27 + 7 = -10*r. Suppose 636 = r*y + 2*y. List the prime factors of y.
3, 53
Let q(y) = y**2 - 13*y + 18. Let v be q(13). Let l = 36 - v. List the prime factors of l.
2, 3
Let q be (-460)/(-15) + 2/(-3). Let f = 41 - q. What are the prime factors of f?
11
Let m = 80 + 865. List the prime factors of m.
3, 5, 7
Let m(i) = -i**3 + 11*i**2 - 13*i - 7. Let x be m(11). Let o = 294 + x. List the prime factors of o.
2, 3
Suppose -3*n + 6*n = -21. Let c(h) be the second derivative of -h**3/2 - h**2/2 - h. What are the prime factors of c(n)?
2, 5
Let j(x) = x**3 + 7*x**2 - 13. Let r be j(-6). Let a be (-2)/8 - (-165)/4. Let d = a - r. List the prime factors of d.
2, 3
Let t = 223 - 338. Let v = t + 120. List the prime factors of v.
5
Let z(j) be the third derivative of -j**4/24 - j**3 + 6*j**2. Let i be z(-5). What are the prime factors of 15*(-6)/9*i?
2, 5
Let s(x) be the third derivative of -x**6/120 - x**5/6 + 5*x**4/8 + 11*x**3/3 - 14*x**2. List the prime factors of s(-12).
2, 5, 13
Let k = 128 - 128. Suppose 4*j - 3*t - 109 = 0, -j + k*t + 3*t = -25. What are the prime factors of j?
2, 7
Let n be 2/4 + (6 - 9821/(-14)). Suppose x + 861 = 2*t + 3*t, -4*t + n = 4*x. What are the prime factors of t?
173
Let n(q) = -q + 8*q**2 + 2 - 5 + q**3 + 8. What are the prime factors of n(-6)?
83
Suppose 5*g - 2*p = -200, -4*p + 9*p + 235 = -5*g. Let a = g + 132. List the prime factors of a.
2, 3, 5
Let y = 17 + -17. Suppose y = 3*v + 16 - 178. Suppose -c + v - 19 = 0. What are the prime factors of c?
5, 7
Let f = 50 - 49. Let a(j) = 136*j + 2. List the prime factors of a(f).
2, 3, 23
Suppose -6 = b - q, -3*q + 1 = 5*b - 1. List the prime factors of b/(2 + (872/(-217))/2).
7, 31
Let o(w) = 12*w**2 - w + 49. List the prime factors of o(-14).
3, 5, 7, 23
Suppose 2*s + 5*u = -22, -3*u + 1 - 31 = 4*s. Suppose -3*c + 14 = -1. List the prime factors of c + 3 + s + 68.
2, 5, 7
Suppose -51*y + 19492 + 13811 = 0. List the prime factors of y.
653
Let t(z) be the third derivative of 0 + 1/60*z**5 - 4/3*z**3 + 0*z - 1/8*z**4 - 4*z**2. List the prime factors of t(6).
2, 5
Suppose -34*y + 92*y = 144768. List the prime factors of y.
2, 3, 13
What are the prime factors of (-5)/20*-4883 - 21/12?
23, 53
Let h(x) = x**3 + 6*x**2 + 12*x + 31. Let l be h(-5). What are the prime factors of l/14 - 674/(-7)?
2, 3
What are the prime factors of 1222 + 7/(28/(-32))?
2, 607
Let n(r) be the second derivative of r**4/12 + r**3/3 - 8*r. Suppose -2*i = 2*i + 28. List the prime factors of n(i).
5, 7
Let i(b) = -1923*b - 1. List the prime factors of i(-1).
2, 31
Let t(p) = 35*p**2 - 8*p + 66. List the prime factors of t(6).
2, 3, 71
Suppose 17*c - 924 = 15*c. List the prime factors of c.
2, 3, 7, 11
Let j(u) = 2*u - 6. Let z be (-1 - 0)*-7*1. Let k be j(z). Suppose 3*p + k = 5*p - 4*b, 5*p + 4*b = 76. What are the prime factors of p?
2, 3
Let a(l) = 4*l**2 - 15*l + 715. List the prime factors of a(22).
11, 211
Let s(g) = -4*g + 3*g + 0*g. Let d be s(-2). Suppose v = d*v - 2. What are the prime factors of v?
2
Suppose 10*j - 43*j = -27060. List the prime factors of j.
2, 5, 41
Let s be -4*(-1)/6 - (-9486)/27. Let v = 597 - s. List the prime factors of v.
5, 7
Let z = 1705 - -258. What are the prime factors of z?
13, 151
Let g be (-2 - (-122 - 2)*-2) + -1. Let m = g - -451. What are the prime factors of m?
2, 5
Suppose -1 = d, 5*s - 11664 = 3*d + 4674. What are the prime factors of s?
3, 11
Suppose 4*o - 6922 = 2*w, -20*w + 23*w + 8655 = 5*o. List the prime factors of o.
2, 3
Suppose -246 = -4*i + 482. Suppose i = 3*c - 136. List the prime factors of c.
2, 53
Let k = 69 + 568. List the prime factors of k.
7, 13
Let h(l) = 45*l + 208. What are the prime factors of h(11)?
19, 37
Suppose 3*p = -0 + 6. Suppose 3*b - 2*c = 290, -b - p*b + 298 = -4*c. List the prime factors of b.
2, 47
Let j = 357 + -254. Let v = j + 11. List the prime factors of v.
2, 3, 19
Let f(y) = y**3 + 8*y**2 - 3*y + 7. Let t be f(-8). Let m = 28 - t. What are the prime factors of -4 + (0 - m - -42)?
41
Suppose -5*l + 20 = 0, -24 = 4*t - 6*l + 2*l. Let i(b) = 10*b**2 + 6*b - 2. List the prime factors of i(t).
2, 13
Let f = 3 - -11. Suppose -n + 0*z + z = -f, 28 = 4*n + 3*z. List the prime factors of (n/3)/(1/12).
2, 5
Suppose 4*b - h - 5120 = 0, 4*b - 1924 = -4*h + 3196. What are the prime factors of b?
2, 5
Let t(i) = i + 6. Suppose 0 = u + 6 - 8. Suppose u*y = -y + 3*q + 15, q - 45 = -4*y. What are the prime factors of t(y)?
2
Let v(m) = 87*m + 335. What are the prime factors of v(5)?
2, 5, 7, 11
Let r(g) = g**2 - g. Suppose -2*s + 16 = -3*o - o, 0 = -3*o - 9. Let v be r(s). Suppose 8 - 54 = -v*y. List the prime factors of y.
23
Let g = 20 - 27. Let o = g + 25. What are the prime factors of 42 + 9/(o/(-4))?
2, 5
Suppose 3*z - 17 - 49 = 2*x, 0 = 2*x + z + 58. Let c = 80 + x. List the prime factors of c.
2, 5
Suppose -4*x = 2*o - 1086, 5*o = -x - 3*x + 1071. What are the prime factors of x?
2, 137
Suppose 3*a = -2*w + 5, -3*a = -7*a + 12. Let h be (w/(-6))/(3/117). Suppose l - 11 = h. What are the prime factors of l?
2, 3
Let d(r) = 2120*r - 23. What are the prime factors of d(1)?
3, 233
Suppose 37 - 17 = -n. Let f = n - -114. List the prime factors of f.
2, 47
Suppose 3*m + 50 = 5*m - 4*x, 46 = 2*m - 3*x. Suppose -25 = 3*j + 2. Let h = m + j. What are the prime factors of h?
2
Let t be (-2)/14 + 6/42. Suppose -6 = -4*g + 5*j + 1, t = -3*j + 3. What are the prime factors of 2/g + (-273)/(-9)?
31
Let a = 474 - -231. What are the prime factors of a?
3, 5, 47
Suppose 6 = 6*k - 66. Suppose 3*y - k = s + 4, 0 = -y + s + 8. List the prime factors of y.
2
Suppose -2*z = -z - 3*i - 11, 0 = -5*z - 4*i + 36. Let x be ((-20)/(-15))/(z/18). Suppose 5*k - 5*w - 37 = 33, 38 = x*k - 2*w. List the prime factors of k.
2, 5
Let m = 2341 - 1548. List the prime factors of m.
13, 61
Let t(p) = 149*p - 1 + 4 + 2 - 154*p. What are the prime factors of t(-3)?
2, 5
Suppose 6*w = -7*w + 104. Suppose 0*s = 4*s - w. List the prime factors of s.
2
Suppose -4*h = -2*h - 10. Suppose 5*b + 0*b - 285 = 4*n, -h*n = -b + 78. What are the prime factors of b?
53
Suppose 0 = 2*w - w + 5. Let a(r) = -r**3 - 4*r**2 + 4*r. Let b be a(w). Suppose 5*y - 149 - 6 = -b*n, -2*n + 5*y = -48. List the prime factors of n.
29
Let s(g) = -8*g**2 - 12*g + 5. Let q(w) = 3*w**2 + 4*w - 2. Let r(j) = 11*q(j) + 4*s(j). Let b be r(6). Suppose 0*v + 2*v = b. List the prime factors of v.
5
Suppose -q - 103 = -4*h - 2*q, 3*q = -15. List the prime factors of h.
3
Let k(w) be the first derivative of w**3/3 + 3*w**2 - 9*w + 19. List the prime factors of k(11).
2, 89
Suppose 4*g - 945 = -5*i, -10*i = -g - 5*i + 230. List the prime factors of g.
5, 47
Suppose 2*b + 6 = -2*x, x - 6 = 3*x - 3*b. Let a be -3 + (-3 - -6) - x. Let k(l) = l**3 - 3*l**2 + 2*l - 2. What are the prime factors of k(a)?
2
Let n(f) = -f**2 - 6*f - 2. Let i be n(-6). Let t be 4 + 0 + (-2)/i. Suppose 3 = -2*k + t*k, 2 = y - 2*k. What are the prime factors of y?
2
Let h = 711 + -4